e remainder when 0 + -1 - (-210)/(6 + -1) is divided by 22.
19
Let v = 94 + -43. Calculate the remainder when v is divided by 13.
12
Suppose 0 = -5*q - 4 + 14. Suppose 2*n + q*t - 24 = 6*t, -4*n + 4*t + 68 = 0. Calculate the remainder when n is divided by 8.
6
Suppose -5*f + 3*f = -10. What is the remainder when 6 is divided by f?
1
Let k = 1 - 1. Let w(b) = -b + 11. Calculate the remainder when w(k) is divided by 6.
5
Suppose 4*k - 6 = -2. What is the remainder when -17*k/((-2)/2) is divided by 6?
5
Let o = -78 - -169. What is the remainder when o is divided by 31?
29
Suppose 3*r + 3*c - 6 = 2*r, 3*r - 18 = -4*c. Calculate the remainder when 26 is divided by r.
2
Suppose 0 = -14*m - 6*m + 140. Calculate the remainder when m is divided by 2.
1
Let k(l) = 3*l - 1. Let h be k(1). Suppose 0 = o - 1 + h. What is the remainder when (-25)/((2 + o)/(-1)) is divided by 9?
7
Suppose -4*f = -2*j, -3*j = j - 2*f. Let w = j + -5. Let x = 12 + w. Calculate the remainder when 13 is divided by x.
6
What is the remainder when ((-6)/8)/(1/(-16)) is divided by 5?
2
Suppose 4*a = -80 + 144. Calculate the remainder when 78 is divided by a.
14
Suppose 174 = 5*k - d + 2*d, -4*d - 52 = -2*k. What is the remainder when k is divided by 14?
6
Let s be (-8)/(-28) - 37/7. Let n(o) = o + 6. Calculate the remainder when n(s) is divided by 1.
0
Suppose -x = -4*x + 45. Suppose -t + 52 = 2*o - 6, -4*o + 116 = 5*t. What is the remainder when o is divided by x?
14
Let q(f) = 3*f**2 + 7*f + 20. Let h be q(-8). What is the remainder when 38 is divided by (h/(-24))/((-1)/2)?
12
Suppose 2*u = 7*h - 2*h - 157, h - 3*u - 21 = 0. Suppose -5*v + h = -82. Suppose -53 = -2*r + v. What is the remainder when r is divided by 13?
12
Let z = -1 - -1. Suppose -3*u + 8 = -u. Suppose 4*h - u = -2*p + 32, z = -h - 3*p + 14. What is the remainder when 22 is divided by h?
6
Let p = -1 - -6. Calculate the remainder when 11 is divided by p.
1
Suppose 2*r + 5*l + 9 + 2 = 0, 15 = 5*r + 4*l. Let p(w) = 45*w - 19. Calculate the remainder when p(1) is divided by r.
5
Suppose 0 = 3*w - 2*o - 13, 0 + 2 = 2*w + 2*o. Suppose m + 12 = 4*j, 4*m = 7*j - w*j. Calculate the remainder when 18 is divided by j.
2
Suppose s - 11 - 21 = -2*t, -5*t = -25. Suppose 0 = 3*p - 30 - 3. Suppose 3*q = p + 13. What is the remainder when s is divided by q?
6
Suppose 3*r = -3*b + 87 + 21, -4*r + 153 = -5*b. Calculate the remainder when r is divided by 8.
5
What is the remainder when (1/(6/128))/(10/45) is divided by 33?
30
Let j = 22 - -2. What is the remainder when j is divided by 9?
6
Let g(y) = 29*y**2 + y - 3. Calculate the remainder when g(2) is divided by 29.
28
Let u(d) = d**2 + 6*d - 3. Let h be u(-7). Suppose -5*s - n = -21, -h*n - 15 = s + n. What is the remainder when s is divided by 4?
1
Calculate the remainder when 90 - (6/(1 + -3) + 5) is divided by 45.
43
Suppose 0*v - 4*y = 5*v + 4, -3 = 4*v + 3*y. Suppose -3*b - 5*w + 14 + 27 = v, 4*w + 86 = 3*b. What is the remainder when b is divided by 12?
10
Let w = -96 - -159. Suppose 0 = -3*j + a + 37, a = 2*j + 3*j - w. What is the remainder when 38 is divided by j?
12
Let b(u) = 3*u - 3. Calculate the remainder when 118 is divided by b(11).
28
Let r(z) = -z**3 + 18*z**2 + z + 25. Calculate the remainder when 83 is divided by r(18).
40
Let w = 326 + -207. Let f = -61 + w. Calculate the remainder when f is divided by 15.
13
Suppose -4*d = 5*w - 3*w - 2, -5 = -4*d - w. Suppose -3*q + 57 = 3*r, 0 = -4*q + 2*q + d*r + 30. What is the remainder when q is divided by -1*(9/1)/(1/(-1))?
8
Suppose -6*k - 5*a = -5*k - 4, 3*a - 14 = -k. Calculate the remainder when k is divided by 16.
13
Suppose 3*x = 5*m + 38, -3*x = 2*m - 9 - 22. What is the remainder when x is divided by 6?
5
Suppose -s + 4*p = -22, -3*s - 5*p + 81 = -2*p. Suppose -6*f = -f + 2*k - 45, 2*f + 2*k = 24. What is the remainder when s is divided by f?
5
Let t = -43 - -51. What is the remainder when 21 is divided by t?
5
Suppose -2*y + 14 = -8. Let x = y - 7. Suppose -6 = q - 4*o - 26, 2*o - 98 = -x*q. What is the remainder when 70 is divided by q?
22
Let l(f) = 2*f - 1. Let u be l(1). Let n be (u - 11)*(-4)/5. Let p = n - -3. Calculate the remainder when p is divided by 4.
3
Let m(c) = c + 1. Let q(w) be the first derivative of 11*w**3/3 - w**2 + w + 1. Let u be q(1). What is the remainder when m(u) is divided by 4?
3
Suppose 4*a = 3*a + 2*o + 6, 0 = 4*a + o + 3. Suppose -v + 1 + 3 = a. Calculate the remainder when 7 is divided by v.
3
Let q(y) = -y**3 - 16*y**2 - 18*y + 16. Calculate the remainder when q(-15) is divided by 31.
30
Let o(i) = -i**2 - 7*i - 3. Let v be o(-3). Let a = 24 - v. Calculate the remainder when 35 is divided by a/(-10) + (-78)/(-4).
17
What is the remainder when 9 is divided by 5/35 + 102/21?
4
Suppose -2*g + 3*l = 44 + 58, -l = 2*g + 102. Calculate the remainder when (-6)/(-4)*(-2074)/g is divided by 21.
19
Let b be 3 - ((3 - 39) + 1). Suppose 5*r - b = 2. Calculate the remainder when 20 is divided by r.
4
Suppose -4*m - 5*f + 16 + 1 = 0, 0 = 5*f - 5. Let p = m - 1. Calculate the remainder when 2 is divided by p.
0
Suppose g = c - 1, 2*c - 4*g + 7 = g. Suppose 0 = 2*j + 2, c*l - 4*j - 31 = 45. What is the remainder when 71 is divided by l?
17
Suppose 4*n + 3*x - 190 = -60, 0 = 3*n - x - 91. What is the remainder when 60 is divided by n?
29
Let a(z) = -z**3 - 4*z**2 + 4*z - 1. Let f be a(-5). Suppose -o - 9 = -f*o. Calculate the remainder when 6 is divided by o.
0
Let f = 124 - 80. Suppose 3*n = 4*n + l - 5, 0 = 2*n + 5*l - 10. Suppose 3*o + 3*u - 48 = 0, 2*o - 26 = n*u - u. What is the remainder when f is divided by o?
14
Let j = -21 + 48. Let o(a) = -2 - 3*a - 6 - 2. What is the remainder when j is divided by o(-8)?
13
Suppose -110 = 4*v + 82. Let t = -28 - v. Calculate the remainder when t is divided by 11.
9
Suppose 2*d + 4 = 26. Suppose 5*r - 2 = -x + 3*x, -r - 5 = 5*x. Suppose 3*o - 8 - 52 = r. What is the remainder when o is divided by d?
9
Let a(b) = -b**2 - b + 2. Let o be a(-2). Suppose 0 = 2*q - 2*v - 38 - 10, -5*q + 2*v + 117 = o. Calculate the remainder when q is divided by 70/6 + (-2)/(-6).
11
Let c(z) = 5*z + 1. What is the remainder when c(12) is divided by 32?
29
Let m(p) = -5*p + 2*p + 7 + 4*p. Let l = 1 + -4. Calculate the remainder when 10 is divided by m(l).
2
Suppose 0 = y - 6*y - 4*g + 155, 0 = -4*y - 5*g + 115. Let a = 8 - -4. What is the remainder when y is divided by a?
11
Suppose 38 = -2*q + 4*q. Let r = 67 + -60. Calculate the remainder when q is divided by r.
5
Let y(q) = q**2 + 12*q + 13. Let a be y(-11). What is the remainder when 7 is divided by 15*(-3)/((-18)/a)?
2
Suppose -2*c + 3*c = -o + 25, -55 = -4*c + 5*o. Calculate the remainder when c + ((-4)/1)/4 is divided by 7.
5
Calculate the remainder when 6/2*(-248)/(-24) is divided by -2*3/(3/(-8)).
15
Let t be (9 - 14)*18/(-10). Let l = 16 - t. Suppose 3*i + 4*n - 36 = 0, 0 = i + 3*n - n - 12. Calculate the remainder when i is divided by l.
5
Suppose -5*m - 4*a + 6 = -a, 4*a = 4*m - 24. Let z = m + 5. What is the remainder when z is divided by 5?
3
Let l = 18 - 6. What is the remainder when l is divided by 7?
5
Suppose -116 = -3*q - 5*a, -2*q + q + 38 = a. Calculate the remainder when 145 is divided by q.
34
Suppose -4 = -2*y - 0. Let g(m) = 5*m**2 - m. Let k be g(2). Calculate the remainder when y is divided by 4/k + 32/18.
0
Let y(g) = g**3 + 3*g**2 - 6*g - 4. Let f be y(-4). Suppose 2*d - 15 = -3*m + 312, f*d + 327 = 3*m. Calculate the remainder when m is divided by 28.
25
Suppose -j + 2*j - 8 = 0. Calculate the remainder when 15 is divided by j.
7
Let b(d) = d + 3. Let i be b(3). Let k(n) = n**3 - 5*n**2 - 6*n. Let a be k(i). Suppose 0*f - 4*f + 20 = a. What is the remainder when f is divided by 2?
1
Let w = -2 - -12. Calculate the remainder when w is divided by 7.
3
Let d(k) = 18*k + 4. Let y be 28/12 + (-4)/(-6). Let f be d(y). Suppose u = -4*w + 24, 3*w = 3*u + u - f. What is the remainder when 31 is divided by u?
15
Let y(t) = -t**3 + 14*t**2 + 17*t + 6. Calculate the remainder when y(15) is divided by 19.
17
Suppose 3*d - 7 = -4*u, -d + 7 = -4*u + 3*u. Suppose d*s = -0*s + 60. What is the remainder when 46 is divided by s?
10
Suppose 0 = -6*l + 5*l + 12. Calculate the remainder when 21 is divided by 